{"id":2114,"date":"2015-12-28T10:43:13","date_gmt":"2015-12-28T16:43:13","guid":{"rendered":"http:\/\/epublicidad.com.mx\/new-site\/?page_id=2114"},"modified":"2026-01-30T13:48:56","modified_gmt":"2026-01-30T19:48:56","slug":"contacto","status":"publish","type":"page","link":"https:\/\/sihay.com.mx\/new-site\/contacto\/","title":{"rendered":"Contacto"},"content":{"rendered":"<div class='row'><div data-appear-top-offset='-100'  style='padding-bottom:20px;' class='col-sm-8 first-module module_number_1 module_cont center_title module_html '>\n                <div class='module_content'>\n                    <p><strong><span style=\"color: #000000; font-size: 18px;\">Los campos marcados con * son obligatorios\u00a0 \u00a0 \u00a0 \u00a0 \u00a0 \u00a0 \u00a0<\/span><\/strong><span style=\"text-decoration: underline;\"><span style=\"color: #206cbb; text-decoration: underline; font-size: 18px;\"><strong><a href=\"https:\/\/sihay.com.mx\/new-site\/politicas-de-privacidad\/\"  target=\"_blank\" >\u00bfPor qu\u00e9 solicitamos dicha informaci\u00f3n?<\/a><\/strong><\/span><\/span><\/p>\r\n\r\n\n<div class=\"wpcf7 no-js\" id=\"wpcf7-f2238-o1\" lang=\"en-US\" dir=\"ltr\" data-wpcf7-id=\"2238\">\n<div class=\"screen-reader-response\"><p role=\"status\" aria-live=\"polite\" aria-atomic=\"true\"><\/p> <ul><\/ul><\/div>\n<form action=\"\/new-site\/wp-json\/wp\/v2\/pages\/2114#wpcf7-f2238-o1\" method=\"post\" class=\"wpcf7-form init\" aria-label=\"Contact form\" novalidate=\"novalidate\" data-status=\"init\">\n<fieldset class=\"hidden-fields-container\"><input type=\"hidden\" name=\"_wpcf7\" value=\"2238\" \/><input type=\"hidden\" name=\"_wpcf7_version\" value=\"6.1.5\" \/><input type=\"hidden\" name=\"_wpcf7_locale\" value=\"en_US\" \/><input type=\"hidden\" name=\"_wpcf7_unit_tag\" value=\"wpcf7-f2238-o1\" \/><input type=\"hidden\" name=\"_wpcf7_container_post\" value=\"0\" \/><input type=\"hidden\" name=\"_wpcf7_posted_data_hash\" value=\"\" \/><input type=\"hidden\" name=\"_wpcf7_recaptcha_response\" value=\"\" \/>\n<\/fieldset>\n<p>Nombre Completo (*)\n<\/p>\n<p><span class=\"wpcf7-form-control-wrap\" data-name=\"your-name\"><input size=\"40\" maxlength=\"400\" class=\"wpcf7-form-control wpcf7-text wpcf7-validates-as-required\" aria-required=\"true\" aria-invalid=\"false\" value=\"\" type=\"text\" name=\"your-name\" \/><\/span>\n<\/p>\n<p>Ciudad\n<\/p>\n<p><span class=\"wpcf7-form-control-wrap\" data-name=\"your-city\"><input size=\"40\" maxlength=\"400\" class=\"wpcf7-form-control wpcf7-text\" aria-invalid=\"false\" value=\"\" type=\"text\" name=\"your-city\" \/><\/span>\n<\/p>\n<p>Estado\n<\/p>\n<p><span class=\"wpcf7-form-control-wrap\" data-name=\"your-estate\"><input size=\"40\" maxlength=\"400\" class=\"wpcf7-form-control wpcf7-text\" aria-invalid=\"false\" value=\"\" type=\"text\" name=\"your-estate\" \/><\/span>\n<\/p>\n<p>Tel\u00e9fono\n<\/p>\n<p><span class=\"wpcf7-form-control-wrap\" data-name=\"Telfono\"><input size=\"40\" maxlength=\"400\" class=\"wpcf7-form-control wpcf7-tel wpcf7-text wpcf7-validates-as-tel\" aria-invalid=\"false\" value=\"\" type=\"tel\" name=\"Telfono\" \/><\/span>\n<\/p>\n<p>Correo (*)\n<\/p>\n<p><span class=\"wpcf7-form-control-wrap\" data-name=\"your-email\"><input size=\"40\" maxlength=\"400\" class=\"wpcf7-form-control wpcf7-email wpcf7-validates-as-required wpcf7-text wpcf7-validates-as-email\" aria-required=\"true\" aria-invalid=\"false\" value=\"\" type=\"email\" name=\"your-email\" \/><\/span>\n<\/p>\n<p>Deseo informaci\u00f3n sobre: (*)\n<\/p>\n<p><span class=\"wpcf7-form-control-wrap\" data-name=\"checkbox-974\"><span class=\"wpcf7-form-control wpcf7-checkbox wpcf7-validates-as-required\"><span class=\"wpcf7-list-item first\"><input type=\"checkbox\" name=\"checkbox-974[]\" value=\"Emailing\" \/><span class=\"wpcf7-list-item-label\">Emailing<\/span><\/span><span class=\"wpcf7-list-item\"><input type=\"checkbox\" name=\"checkbox-974[]\" value=\"Posicionamiento SEO\" \/><span class=\"wpcf7-list-item-label\">Posicionamiento SEO<\/span><\/span><span class=\"wpcf7-list-item\"><input type=\"checkbox\" name=\"checkbox-974[]\" value=\"Bases de datos\" \/><span class=\"wpcf7-list-item-label\">Bases de datos<\/span><\/span><span class=\"wpcf7-list-item\"><input type=\"checkbox\" name=\"checkbox-974[]\" value=\"PPC Google Adwords\" \/><span class=\"wpcf7-list-item-label\">PPC Google Adwords<\/span><\/span><span class=\"wpcf7-list-item\"><input type=\"checkbox\" name=\"checkbox-974[]\" value=\"Reseller Partership Program\" \/><span class=\"wpcf7-list-item-label\">Reseller Partership Program<\/span><\/span><span class=\"wpcf7-list-item last\"><input type=\"checkbox\" name=\"checkbox-974[]\" value=\"Marketing en redes Sociales\" \/><span class=\"wpcf7-list-item-label\">Marketing en redes Sociales<\/span><\/span><\/span><\/span>\n<\/p>\n<p>Comentario sobre el producto y\/o servicio.\n<\/p>\n<p><span class=\"wpcf7-form-control-wrap\" data-name=\"your-message\"><textarea cols=\"40\" rows=\"10\" maxlength=\"2000\" class=\"wpcf7-form-control wpcf7-textarea wpcf7-validates-as-required\" aria-required=\"true\" aria-invalid=\"false\" name=\"your-message\"><\/textarea><\/span>\n<\/p>\n<p>* Especifique necesidad requerida con detalles muy espec\u00edficos como: segmento de mercado, cantidad de emails, otros, etc.<br \/>\nPor seguridad no ingrese carecteres especiales (%&$!\u00ba?).<br \/>\nM\u00e1ximo 150 caracteres\n<\/p>\n<p><span class=\"wpcf7-form-control-wrap\" data-name=\"acceptance-term\"><span class=\"wpcf7-form-control wpcf7-acceptance\"><span class=\"wpcf7-list-item\"><input type=\"checkbox\" name=\"acceptance-term\" value=\"1\" aria-invalid=\"false\" \/><\/span><\/span><\/span> Acepto los<a href=\"terminos-y-condiciones\" target=\"_blank\"> T\u00e9rminos y Condiciones<\/a> (*)\n<\/p>\n<span class=\"wpcf7-form-control-wrap recaptcha\" data-name=\"recaptcha\"><span data-sitekey=\"6Le1JLgpAAAAAPNwFpBDHhjnWit0hahAvXn9EwZ3\" data-align=\"center\" class=\"wpcf7-form-control wpcf7-recaptcha g-recaptcha\"><\/span>\r\n<noscript>\r\n\t<div class=\"grecaptcha-noscript\">\r\n\t\t<iframe loading=\"lazy\" src=\"https:\/\/www.google.com\/recaptcha\/api\/fallback?k=6Le1JLgpAAAAAPNwFpBDHhjnWit0hahAvXn9EwZ3\" frameborder=\"0\" scrolling=\"no\" width=\"310\" height=\"430\">\r\n\t\t<\/iframe>\r\n\t\t<textarea name=\"g-recaptcha-response\" rows=\"3\" cols=\"40\" placeholder=\"reCaptcha Response Here\">\r\n\t\t<\/textarea>\r\n\t<\/div>\r\n<\/noscript>\r\n<\/span>\n<p><input class=\"wpcf7-form-control wpcf7-submit has-spinner\" type=\"submit\" value=\"Enviar\" \/>\n<\/p><p style=\"display: none !important;\" class=\"akismet-fields-container\" data-prefix=\"_wpcf7_ak_\"><label>&#916;<textarea name=\"_wpcf7_ak_hp_textarea\" cols=\"45\" rows=\"8\" maxlength=\"100\"><\/textarea><\/label><input type=\"hidden\" id=\"ak_js_1\" name=\"_wpcf7_ak_js\" value=\"126\"\/><script>document.getElementById( \"ak_js_1\" ).setAttribute( \"value\", ( new Date() ).getTime() );<\/script><\/p><div class=\"wpcf7-response-output\" aria-hidden=\"true\"><\/div>\n<\/form>\n<\/div>\n\r\n\n                <\/div><\/div><!-- .module_cont --><div data-appear-top-offset='-100'  style='padding-bottom:0px;' class='col-sm-4  module_number_2 module_cont center_title module_text_area '>\n                <div class='module_content mt_6'>\n                    <p><span style=\"color: #000000;\"><strong><span style=\"color: #000000; font-size: 18px;\">Contacto<\/span><\/strong><\/span><\/p>\r\n<p>&nbsp;<\/p>\r\n<p><strong><span style=\"color: #000000;\">Whatsapp: &nbsp;<\/span><\/strong><a href=\"https:\/\/api.whatsapp.com\/send?phone=523334686254&amp;text=Deseo%20recibir%20informaci%C3%B3n%20sobre%20alguno%20de%20sus%20servicios\" target=\"_blank\" rel=\"noopener\"><img loading=\"lazy\" decoding=\"async\" src=\"\/new-site\/wp-content\/uploads\/2019\/12\/whatsapp-e1576881469101.png\" alt=\"WhatsApp Sihay\" width=\"20\" height=\"20\" \/> 33 3468 6254 <\/a><br \/>&nbsp;&nbsp;&nbsp;&nbsp;&nbsp;&nbsp;&nbsp;&nbsp;&nbsp;&nbsp;&nbsp;&nbsp;&nbsp;&nbsp;&nbsp;&nbsp;&nbsp;&nbsp;&nbsp;&nbsp;&nbsp;&nbsp;&nbsp;&nbsp;&nbsp;&nbsp;&nbsp;&nbsp;Con 3 l&iacute;neas<\/p>\r\n<p><strong><span style=\"color: #000000;\">Domicilio:<\/span><\/strong><span style=\"color: #333333;\"> Guadalajara, M&eacute;xico<\/span><\/p>\r\n<p><strong><span style=\"color: #000000;\">Email:<\/span><\/strong><span style=\"color: #333333;\"> info@ePublicidad.com.mx<\/span><\/p>\r\n<!--<p>\u00a0 \u00a0 \u00a0 \u00a0 \u00a0 \u00a0 \u00a0 \u00a0 \u00a0 \u00a0 \u00a0 \u00a0 \u00a0<a href=\"https:\/\/api.whatsapp.com\/send?phone=523312933802&text=Deseo%20recibir%20informaci%C3%B3n%20sobre%20alguno%20de%20sus%20servicios\" target=\"_blank\" rel=\"noopener\"><img loading=\"lazy\" decoding=\"async\" src=\"\/new-site\/wp-content\/uploads\/2019\/12\/whatsapp-e1576881469101.png\" alt=\"WhatsApp\" width=\"20\" height=\"20\" \/> 33 1293 3802<\/a><\/p>-->\r\n<p>&nbsp;<\/p>\r\n<!--<p><strong><span style=\"color: #000000;\">Tel\u00e9fono: \u00a0<\/span><\/strong><span style=\"color: #333333;\"> +52 33<\/span><span style=\"color: #333333;\">\u00a03817 0176<\/span><\/p>-->\r\n<p>&nbsp;<\/p>\r\n<!--<span style=\"color: #333333;\">Adolfo L\u00f3pez Mateos #1157<\/span><\/p>\r\n<p><span style=\"color: #333333;\">\u00a0 \u00a0 \u00a0 \u00a0 \u00a0 \u00a0 \u00a0 \u00a0 \u00a0 \u00a0 \u00a0 Col. Providencia C.P. 44630<\/span><\/p>\r\n<p>-->\n                <\/div><\/div><!-- .module_cont --><\/div>","protected":false},"excerpt":{"rendered":"<p>Los campos marcados con * son obligatorios\u00a0 \u00a0 \u00a0 \u00a0 \u00a0 \u00a0 \u00a0\u00bfPor qu\u00e9 solicitamos dicha informaci\u00f3n? Nombre Completo (*) Ciudad Estado Tel\u00e9fono Correo (*) Deseo informaci\u00f3n sobre: (*) EmailingPosicionamiento SEOBases de datosPPC Google AdwordsReseller Partership ProgramMarketing en redes Sociales Comentario sobre el producto y\/o servicio. * Especifique necesidad requerida con detalles muy espec\u00edficos como: segmento de mercado, cantidad de emails, otros, etc. Por seguridad no ingrese carecteres especiales (%&#038;$!\u00ba?). M\u00e1ximo 150 caracteres Acepto los T\u00e9rminos y Condiciones (*) &#916; Contacto &nbsp; Whatsapp: &nbsp; 33 3468 6254 &nbsp;&nbsp;&nbsp;&nbsp;&nbsp;&nbsp;&nbsp;&nbsp;&nbsp;&nbsp;&nbsp;&nbsp;&nbsp;&nbsp;&nbsp;&nbsp;&nbsp;&nbsp;&nbsp;&nbsp;&nbsp;&nbsp;&nbsp;&nbsp;&nbsp;&nbsp;&nbsp;&nbsp;Con 3 l&iacute;neas Domicilio: Guadalajara, M&eacute;xico Email: info@ePublicidad.com.mx &nbsp; &nbsp;<\/p>\n","protected":false},"author":1,"featured_media":0,"parent":0,"menu_order":0,"comment_status":"closed","ping_status":"closed","template":"","meta":{"footnotes":""},"class_list":["post-2114","page","type-page","status-publish","hentry"],"aioseo_notices":[],"_links":{"self":[{"href":"https:\/\/sihay.com.mx\/new-site\/wp-json\/wp\/v2\/pages\/2114","targetHints":{"allow":["GET"]}}],"collection":[{"href":"https:\/\/sihay.com.mx\/new-site\/wp-json\/wp\/v2\/pages"}],"about":[{"href":"https:\/\/sihay.com.mx\/new-site\/wp-json\/wp\/v2\/types\/page"}],"author":[{"embeddable":true,"href":"https:\/\/sihay.com.mx\/new-site\/wp-json\/wp\/v2\/users\/1"}],"replies":[{"embeddable":true,"href":"https:\/\/sihay.com.mx\/new-site\/wp-json\/wp\/v2\/comments?post=2114"}],"version-history":[{"count":3,"href":"https:\/\/sihay.com.mx\/new-site\/wp-json\/wp\/v2\/pages\/2114\/revisions"}],"predecessor-version":[{"id":2118,"href":"https:\/\/sihay.com.mx\/new-site\/wp-json\/wp\/v2\/pages\/2114\/revisions\/2118"}],"wp:attachment":[{"href":"https:\/\/sihay.com.mx\/new-site\/wp-json\/wp\/v2\/media?parent=2114"}],"curies":[{"name":"wp","href":"https:\/\/api.w.org\/{rel}","templated":true}]}}