{"id":6387,"date":"2025-08-22T22:40:53","date_gmt":"2025-08-22T22:40:53","guid":{"rendered":"https:\/\/sihay.com.mx\/basededatos\/?post_type=product&#038;p=6387"},"modified":"2025-08-22T22:40:56","modified_gmt":"2025-08-22T22:40:56","slug":"personas-fisicas-mayores-de-edad-que-tengan-al-menos-una-tarjeta-de-credito-en-morelia-600-registros-tepic-800-registros-y-leon-guanajuato-1000-registros","status":"publish","type":"product","link":"https:\/\/sihay.com.mx\/basededatos\/tienda\/personas-fisicas-mayores-de-edad-que-tengan-al-menos-una-tarjeta-de-credito-en-morelia-600-registros-tepic-800-registros-y-leon-guanajuato-1000-registros\/","title":{"rendered":"Personas f\u00edsicas, mayores de edad, que tengan al menos una tarjeta de cr\u00e9dito en  Morelia (600 registros), Tepic (800 registros) y Le\u00f3n Guanajuato (1,000 registros"},"content":{"rendered":"","protected":false},"excerpt":{"rendered":"<p>&nbsp;<\/p>\n<div class=\"row\">\n<div class=\"col-sm\">\n\t\t<strong>C\u00f3digo:<\/strong> <strong class=\"text-danger\"> ADCA-M0-4<\/strong>\n    <\/div>\n<div class=\"col-sm\">\n\t<strong>N\u00famero de registros: <\/strong>2,400\n\t<\/div>\n<\/div>\n<div class=\"row\">\n<div class=\"col-sm \">\n\t<strong>Folio: <\/strong><span class=\"text-danger\"> AC0225B009<\/span>\n\t<\/div>\n<\/div>\n<p><strong>Segmentaci\u00f3n:<\/strong><\/p>\n<div class=\"row\">\n<div class=\"col-sm \">\n\tPersonas f\u00edsicas, mayores de edad, que tengan al menos una tarjeta de cr\u00e9dito en  Morelia (600 registros), Tepic (800 registros) y Le\u00f3n Guanajuato (1,000 registros)<\/div>\n<\/div>\n<p><strong>Campos Contenidos:<\/strong><\/p>\n<div class=\"row\">\n<div class=\"col-sm \">\n\tNombre \/ Celular \/ Ciudad..  <\/div>\n<\/p><\/div>\n<div class=\"row\">\n<div class=\"col-sm\">\n\t<strong>Garant\u00eda: <\/strong>80%-85% <strong>Precio Original: <\/strong><del>$13,436.00<\/del> <strong>Descuento Especial: <\/strong><strong class=\"text-danger\">20%<\/strong>\n\t<\/div>\n<\/div>\n<div class=\"row\">\n<div class=\"col text-center\">\n\t<strong>Total a Pagar: <\/strong><strong class=\"text-danger\">$10,748.00<\/strong>\n\t<\/div>\n<\/div>\n","protected":false},"featured_media":1891,"comment_status":"closed","ping_status":"closed","template":"","meta":[],"product_brand":[],"product_cat":[159],"product_tag":[269,582,206,235,216,204,207,205,183,181,417,418,610,277,275,535,270,584,274,266,278,280,587,267,589,366,279,324,323,550,321,307,570,416,304],"class_list":{"0":"post-6387","1":"product","2":"type-product","3":"status-publish","4":"has-post-thumbnail","6":"product_cat-personas","7":"product_tag-b2b-database-for-marketing","8":"product_tag-b2b-email-lists","9":"product_tag-base-de-datos-correo-electronico","10":"product_tag-base-de-datos-correos-electronicos","11":"product_tag-base-de-datos-de-correos","12":"product_tag-base-de-datos-de-emails","13":"product_tag-base-de-datos-de-telefonos","14":"product_tag-base-de-datos-email","15":"product_tag-base-de-datos-email-marketing","16":"product_tag-base-de-datos-emails","17":"product_tag-base-de-datos-telefono","18":"product_tag-bases-de-datos-de-telefonos-fijos","19":"product_tag-bases-de-datos-emails","20":"product_tag-buy-email-address","21":"product_tag-buy-email-address-database","22":"product_tag-correos","23":"product_tag-database-of-email-advertising","24":"product_tag-database-of-emails","25":"product_tag-email-address-database","26":"product_tag-email-database","27":"product_tag-email-database-for-sale","28":"product_tag-email-list-providers","29":"product_tag-email-lists","30":"product_tag-email-marketer","31":"product_tag-email-marketing-list","32":"product_tag-emailing","33":"product_tag-emails-for-sale","34":"product_tag-lista-de-correo-electronico","35":"product_tag-lista-de-email","36":"product_tag-lista-de-numeros-de-telefonos","37":"product_tag-listado-de-emails","38":"product_tag-phone-number-database","39":"product_tag-phone-number-list","40":"product_tag-telefono","41":"product_tag-telephone-number","43":"first","44":"instock","45":"sale","46":"virtual","47":"purchasable","48":"product-type-simple"},"aioseo_notices":[],"_links":{"self":[{"href":"https:\/\/sihay.com.mx\/basededatos\/wp-json\/wp\/v2\/product\/6387","targetHints":{"allow":["GET"]}}],"collection":[{"href":"https:\/\/sihay.com.mx\/basededatos\/wp-json\/wp\/v2\/product"}],"about":[{"href":"https:\/\/sihay.com.mx\/basededatos\/wp-json\/wp\/v2\/types\/product"}],"replies":[{"embeddable":true,"href":"https:\/\/sihay.com.mx\/basededatos\/wp-json\/wp\/v2\/comments?post=6387"}],"wp:featuredmedia":[{"embeddable":true,"href":"https:\/\/sihay.com.mx\/basededatos\/wp-json\/wp\/v2\/media\/1891"}],"wp:attachment":[{"href":"https:\/\/sihay.com.mx\/basededatos\/wp-json\/wp\/v2\/media?parent=6387"}],"wp:term":[{"taxonomy":"product_brand","embeddable":true,"href":"https:\/\/sihay.com.mx\/basededatos\/wp-json\/wp\/v2\/product_brand?post=6387"},{"taxonomy":"product_cat","embeddable":true,"href":"https:\/\/sihay.com.mx\/basededatos\/wp-json\/wp\/v2\/product_cat?post=6387"},{"taxonomy":"product_tag","embeddable":true,"href":"https:\/\/sihay.com.mx\/basededatos\/wp-json\/wp\/v2\/product_tag?post=6387"}],"curies":[{"name":"wp","href":"https:\/\/api.w.org\/{rel}","templated":true}]}}