{"id":4954,"date":"2022-11-16T21:32:41","date_gmt":"2022-11-16T21:32:41","guid":{"rendered":"https:\/\/sihay.com.mx\/basededatos\/shop-2\/personas-fisicas-que-compren-en-linea-mercado-libre-amazon-wal-mart-claro-shop-facebook-y-sears-mayores-de-edad-economicamente-activas-que-sean-tarjetahabientes-en-monterrey-nuevo-leon\/"},"modified":"2023-03-21T15:59:17","modified_gmt":"2023-03-21T15:59:17","slug":"personas-fisicas-que-compren-en-linea-mercado-libre-amazon-wal-mart-claro-shop-facebook-y-sears-mayores-de-edad-economicamente-activas-que-sean-tarjetahabientes-en-monterrey-nuevo-leon","status":"publish","type":"product","link":"https:\/\/sihay.com.mx\/basededatos\/tienda\/personas-fisicas-que-compren-en-linea-mercado-libre-amazon-wal-mart-claro-shop-facebook-y-sears-mayores-de-edad-economicamente-activas-que-sean-tarjetahabientes-en-monterrey-nuevo-leon\/","title":{"rendered":"Personas f\u00edsicas que compren en l\u00ednea (Mercado  Libre, Amazon, Wal-Mart, Claro Shop, Facebook y Sears), mayores de edad, econ\u00f3micamente activas que sean tarjetahabientes, en Monterrey Nuevo Le\u00f3n"},"content":{"rendered":"","protected":false},"excerpt":{"rendered":"<p>&nbsp;<\/p>\n<div class=\"row\">\n<div class=\"col-sm\"><strong>C\u00f3digo:<\/strong> <strong class=\"text-danger\">ADBE-N7<\/strong><\/div>\n<div class=\"col-sm\"><strong>N\u00famero de registros: <\/strong>250<\/div>\n<\/div>\n<div class=\"row\">\n<div class=\"col-sm \"><strong>Folio: <\/strong><span class=\"text-danger\">AD0921B009<\/span><\/div>\n<\/div>\n<p><strong>Segmentaci\u00f3n:<\/strong><\/p>\n<div class=\"row\">\n<div class=\"col-sm \">Personas f\u00edsicas que compren en l\u00ednea (Mercado Libre, Amazon, Wal-Mart, Claro Shop, Facebook y Sears), mayores de edad, econ\u00f3micamente activas que sean tarjetahabientes, en Monterrey Nuevo Le\u00f3n<\/div>\n<\/div>\n<p><strong>Campos Contenidos:<\/strong><\/p>\n<div class=\"row\">\n<div class=\"col-sm \">Nombre \/ Direcci\u00f3n \/ Ciudad \/ Estado \/ Correo \/ Celular<\/div>\n<\/div>\n<div class=\"row\">\n<div class=\"col-sm\"><strong>Garant\u00eda: <\/strong>80%-85% <strong>Precio Original: <\/strong><del>$2,401.00 MXN<\/del> <strong>Descuento Especial: <\/strong><strong class=\"text-danger\">20%<\/strong><\/div>\n<\/div>\n<div class=\"row\">\n<div class=\"col text-center\"><strong>Total a Pagar: <\/strong><strong class=\"text-danger\">$1,921.00 MXN<\/strong><\/div>\n<\/div>\n","protected":false},"featured_media":1892,"comment_status":"closed","ping_status":"closed","template":"","meta":[],"product_brand":[],"product_cat":[167,159],"product_tag":[269,311,510,199,509,512,511,204,200,201,205,183,181,477,430,353,327,464,273,308,276,277,275,265,268,272,291,431,433,270,383,274,271,266,278,280,267,366,279,394,395,393,357,324,323,550,545,321,322,367,552,293,292,301,306,344,432,434],"class_list":{"0":"post-4954","1":"product","2":"type-product","3":"status-publish","4":"has-post-thumbnail","6":"product_cat-consumidores-en-mexico","7":"product_cat-personas","8":"product_tag-b2b-database-for-marketing","9":"product_tag-base-de-datos-celulares","10":"product_tag-base-de-datos-consumidores","11":"product_tag-base-de-datos-de-celulares","12":"product_tag-base-de-datos-de-consumidores","13":"product_tag-base-de-datos-de-consumidores-de-mexico","14":"product_tag-base-de-datos-de-consumidores-mexico","15":"product_tag-base-de-datos-de-emails","16":"product_tag-base-de-datos-de-numeros-celulares","17":"product_tag-base-de-datos-de-telefonos-celulares","18":"product_tag-base-de-datos-email","19":"product_tag-base-de-datos-email-marketing","20":"product_tag-base-de-datos-emails","21":"product_tag-base-de-datos-mailing","22":"product_tag-base-de-datos-monterrey","23":"product_tag-base-de-datos-nuevo-leon","24":"product_tag-base-de-datos-numeros-de-celulares","25":"product_tag-brasil-company-database","26":"product_tag-business-and-consumer-database","27":"product_tag-business-directory","28":"product_tag-business-email-list","29":"product_tag-buy-email-address","30":"product_tag-buy-email-address-database","31":"product_tag-company-database","32":"product_tag-company-email-database","33":"product_tag-database","34":"product_tag-database-mobile","35":"product_tag-database-monterrey","36":"product_tag-database-nuevo-leon","37":"product_tag-database-of-email-advertising","38":"product_tag-email","39":"product_tag-email-address-database","40":"product_tag-email-business-database","41":"product_tag-email-database","42":"product_tag-email-database-for-sale","43":"product_tag-email-list-providers","44":"product_tag-email-marketer","45":"product_tag-emailing","46":"product_tag-emails-for-sale","47":"product_tag-latam-mobile-directory","48":"product_tag-latin-america-mobile-database","49":"product_tag-latinoamerica-mobile-number-database","50":"product_tag-list","51":"product_tag-lista-de-correo-electronico","52":"product_tag-lista-de-email","53":"product_tag-lista-de-numeros-de-telefonos","54":"product_tag-lista-de-numeros-de-telefonos-celulares","55":"product_tag-listado-de-emails","56":"product_tag-listado-de-emails-de-empresas","57":"product_tag-mailing","58":"product_tag-mailing-mexico","59":"product_tag-mobile-number-database","60":"product_tag-mobile-phone-number","61":"product_tag-mobile-phone-number-database","62":"product_tag-mobile-phone-number-list","63":"product_tag-monterrey","64":"product_tag-nuevo-leon","65":"product_tag-nuevo-leon-database","67":"first","68":"instock","69":"sale","70":"shipping-taxable","71":"purchasable","72":"product-type-simple"},"aioseo_notices":[],"_links":{"self":[{"href":"https:\/\/sihay.com.mx\/basededatos\/wp-json\/wp\/v2\/product\/4954","targetHints":{"allow":["GET"]}}],"collection":[{"href":"https:\/\/sihay.com.mx\/basededatos\/wp-json\/wp\/v2\/product"}],"about":[{"href":"https:\/\/sihay.com.mx\/basededatos\/wp-json\/wp\/v2\/types\/product"}],"replies":[{"embeddable":true,"href":"https:\/\/sihay.com.mx\/basededatos\/wp-json\/wp\/v2\/comments?post=4954"}],"wp:featuredmedia":[{"embeddable":true,"href":"https:\/\/sihay.com.mx\/basededatos\/wp-json\/wp\/v2\/media\/1892"}],"wp:attachment":[{"href":"https:\/\/sihay.com.mx\/basededatos\/wp-json\/wp\/v2\/media?parent=4954"}],"wp:term":[{"taxonomy":"product_brand","embeddable":true,"href":"https:\/\/sihay.com.mx\/basededatos\/wp-json\/wp\/v2\/product_brand?post=4954"},{"taxonomy":"product_cat","embeddable":true,"href":"https:\/\/sihay.com.mx\/basededatos\/wp-json\/wp\/v2\/product_cat?post=4954"},{"taxonomy":"product_tag","embeddable":true,"href":"https:\/\/sihay.com.mx\/basededatos\/wp-json\/wp\/v2\/product_tag?post=4954"}],"curies":[{"name":"wp","href":"https:\/\/api.w.org\/{rel}","templated":true}]}}