{"id":4742,"date":"2022-11-16T21:32:07","date_gmt":"2022-11-16T21:32:07","guid":{"rendered":"https:\/\/sihay.com.mx\/basededatos\/shop-2\/mujeres-de-20-a-65-anos-de-edad-de-un-nse-medio-alto\/"},"modified":"2023-06-14T18:18:03","modified_gmt":"2023-06-14T18:18:03","slug":"mujeres-de-20-a-65-anos-de-edad-de-un-nse-medio-alto","status":"publish","type":"product","link":"https:\/\/sihay.com.mx\/basededatos\/tienda\/mujeres-de-20-a-65-anos-de-edad-de-un-nse-medio-alto\/","title":{"rendered":"Mujeres, de 20 a 65 a\u00f1os de edad, de un NSE medio alto"},"content":{"rendered":"","protected":false},"excerpt":{"rendered":"<p>&nbsp;<\/p>\n<div class=\"row\">\n<div class=\"col-sm\"><strong>C\u00f3digo:<\/strong> <strong class=\"text-danger\">SECO-C8<\/strong><\/div>\n<div class=\"col-sm\"><strong>N\u00famero de registros: <\/strong>250<\/div>\n<\/div>\n<div class=\"row\">\n<div class=\"col-sm \"><strong>Folio: <\/strong><span class=\"text-danger\">SC0421B092<\/span><\/div>\n<\/div>\n<p><strong>Segmentaci\u00f3n:<\/strong><\/p>\n<div class=\"row\">\n<div class=\"col-sm \">Mujeres, de 20 a 65 a\u00f1os de edad, de un NSE medio alto que sean tarjetahabientes en Tulum, Valladolid y Akumal de la pen\u00ednsula de Yucat\u00e1n<\/div>\n<\/div>\n<p><strong>Campos Contenidos:<\/strong><\/p>\n<div class=\"row\">\n<div class=\"col-sm \">Nombre \/ Direcci\u00f3n \/ Ciudad \/ Estado \/ Celular<\/div>\n<\/div>\n<div class=\"row\">\n<div class=\"col-sm\"><strong>Garant\u00eda: <\/strong>80%-85% <strong>Precio Original: <\/strong><del>$<span style=\"text-decoration: line-through;\">2,546.00 MXN<\/span><\/del>\u00a0<strong>Descuento Especial: <\/strong><strong class=\"text-danger\">20%<\/strong><\/div>\n<\/div>\n<div class=\"row\">\n<div class=\"col text-center\"><strong>Total a Pagar: <\/strong><strong class=\"text-danger\">$2,036.00 MXN<\/strong><\/div>\n<\/div>\n","protected":false},"featured_media":1896,"comment_status":"closed","ping_status":"closed","template":"","meta":[],"product_brand":[],"product_cat":[171,159],"product_tag":[234,311,510,199,200,237,697,201,202,544,281,702,288,287,327,240,698,542,543,358,535,272,291,357,356,545,615,293,292,301,306],"class_list":{"0":"post-4742","1":"product","2":"type-product","3":"status-publish","4":"has-post-thumbnail","6":"product_cat-nse-medio-y-alto","7":"product_cat-personas","8":"product_tag-base-de-datos","9":"product_tag-base-de-datos-celulares","10":"product_tag-base-de-datos-consumidores","11":"product_tag-base-de-datos-de-celulares","12":"product_tag-base-de-datos-de-numeros-celulares","13":"product_tag-base-de-datos-de-personas","14":"product_tag-base-de-datos-de-personas-fisicas","15":"product_tag-base-de-datos-de-telefonos-celulares","16":"product_tag-base-de-datos-de-telefonos-movil","17":"product_tag-base-de-datos-de-telefonos-moviles","18":"product_tag-base-de-datos-de-yucatan","19":"product_tag-base-de-datos-nse","20":"product_tag-base-de-datos-nse-medio","21":"product_tag-base-de-datos-nse-medio-y-alto","22":"product_tag-base-de-datos-numeros-de-celulares","23":"product_tag-base-de-datos-personas","24":"product_tag-base-de-datos-tarjetahabientes","25":"product_tag-bases-de-datos-movil","26":"product_tag-bases-de-datos-moviles","27":"product_tag-consumer-database","28":"product_tag-correos","29":"product_tag-database","30":"product_tag-database-mobile","31":"product_tag-list","32":"product_tag-lista","33":"product_tag-lista-de-numeros-de-telefonos-celulares","34":"product_tag-mobile","35":"product_tag-mobile-number-database","36":"product_tag-mobile-phone-number","37":"product_tag-mobile-phone-number-database","38":"product_tag-mobile-phone-number-list","40":"first","41":"instock","42":"sale","43":"virtual","44":"purchasable","45":"product-type-simple"},"aioseo_notices":[],"_links":{"self":[{"href":"https:\/\/sihay.com.mx\/basededatos\/wp-json\/wp\/v2\/product\/4742","targetHints":{"allow":["GET"]}}],"collection":[{"href":"https:\/\/sihay.com.mx\/basededatos\/wp-json\/wp\/v2\/product"}],"about":[{"href":"https:\/\/sihay.com.mx\/basededatos\/wp-json\/wp\/v2\/types\/product"}],"replies":[{"embeddable":true,"href":"https:\/\/sihay.com.mx\/basededatos\/wp-json\/wp\/v2\/comments?post=4742"}],"wp:featuredmedia":[{"embeddable":true,"href":"https:\/\/sihay.com.mx\/basededatos\/wp-json\/wp\/v2\/media\/1896"}],"wp:attachment":[{"href":"https:\/\/sihay.com.mx\/basededatos\/wp-json\/wp\/v2\/media?parent=4742"}],"wp:term":[{"taxonomy":"product_brand","embeddable":true,"href":"https:\/\/sihay.com.mx\/basededatos\/wp-json\/wp\/v2\/product_brand?post=4742"},{"taxonomy":"product_cat","embeddable":true,"href":"https:\/\/sihay.com.mx\/basededatos\/wp-json\/wp\/v2\/product_cat?post=4742"},{"taxonomy":"product_tag","embeddable":true,"href":"https:\/\/sihay.com.mx\/basededatos\/wp-json\/wp\/v2\/product_tag?post=4742"}],"curies":[{"name":"wp","href":"https:\/\/api.w.org\/{rel}","templated":true}]}}