{"id":4534,"date":"2022-11-16T21:31:35","date_gmt":"2022-11-16T21:31:35","guid":{"rendered":"https:\/\/sihay.com.mx\/basededatos\/shop-2\/industria-general-empresa-comercial-industria-alimentaria-metalmecanica-quimica-industria-automotriz-almacenes-bodegas-comercializadoras-y-distribuidoras-laboratorios-medianas-y-grandes-en-n\/"},"modified":"2023-06-01T17:17:29","modified_gmt":"2023-06-01T17:17:29","slug":"industria-general-empresa-comercial-industria-alimentaria-metalmecanica-quimica-industria-automotriz-almacenes-bodegas-comercializadoras-y-distribuidoras-laboratorios-medianas-y-grandes-en-n","status":"publish","type":"product","link":"https:\/\/sihay.com.mx\/basededatos\/tienda\/industria-general-empresa-comercial-industria-alimentaria-metalmecanica-quimica-industria-automotriz-almacenes-bodegas-comercializadoras-y-distribuidoras-laboratorios-medianas-y-grandes-en-n\/","title":{"rendered":"Industria General, Empresa comercial, Industria alimentaria, metalmec\u00e1nica, Qu\u00edmica, Industria automotriz, Almacenes, Bodegas, Comercializadoras y Distribuidoras, Laboratorios, medianas y grandes en Nuevo Le\u00f3n."},"content":{"rendered":"","protected":false},"excerpt":{"rendered":"<p>&nbsp;<\/p>\n<div class=\"row\">\n<div class=\"col-sm\"><strong>C\u00f3digo:<\/strong> <strong class=\"text-danger\">FAFI-N8<\/strong><\/div>\n<div class=\"col-sm\"><strong>N\u00famero de registros: <\/strong>250<\/div>\n<\/div>\n<div class=\"row\">\n<div class=\"col-sm \"><strong>Folio: <\/strong><span class=\"text-danger\">AT0420B093<\/span><\/div>\n<\/div>\n<p><strong>Segmentaci\u00f3n:<\/strong><\/p>\n<div class=\"row\">\n<div class=\"col-sm \">Industria General, Empresa comercial, Industria alimentaria, Industria metalmec\u00e1nica, Industria Qu\u00edmica, Industria automotriz, Almacenes, Bodegas, Comercializadoras y Distribuidoras, Laboratorios, medianas y grandes Con un poder adquisitivo Alto en Nuevo Le\u00f3n.<\/div>\n<\/div>\n<p><strong>Campos Contenidos:<\/strong><\/p>\n<div class=\"row\">\n<div class=\"col-sm \">Empresa \/ Giro \/ Direcci\u00f3n \/ Ciudad \/ Estado \/ Contacto \/ Puesto: Director General o Directivo de operaciones o Directivo de Almac\u00e9n o Directivo de Producci\u00f3n o Directivo de Sistemas o Due\u00f1o \/ Tel\u00e9fono \/ Email \/ P\u00e1gina web*opcional.<\/div>\n<\/div>\n<div class=\"row\">\n<div class=\"col-sm\"><strong>Garant\u00eda: <\/strong>80%-85% <strong>Precio Original: <\/strong><del>$2,749.00 MXN<\/del> <strong>Descuento Especial: <\/strong><strong class=\"text-danger\">20%<\/strong><\/div>\n<\/div>\n<div class=\"row\">\n<div class=\"col text-center\"><strong>Total a Pagar: <\/strong><strong class=\"text-danger\">$2,199.00 MXN<\/strong><\/div>\n<\/div>\n","protected":false},"featured_media":1903,"comment_status":"closed","ping_status":"closed","template":"","meta":[],"product_brand":[],"product_cat":[127,156],"product_tag":[269,582,234,255,206,235,216,204,340,207,196,215,194,205,183,181,191,412,448,449,533,477,353,417,418,611,610,273,308,276,583,277,275,265,268,535,272,433,270,584,319,651,383,274,271,266,278,280,587,267,588,589,590,366,279,489,342,357,591,356,324,323,550,321,322,367,552,607,432,434,303,307,570,416,304],"class_list":{"0":"post-4534","1":"product","2":"type-product","3":"status-publish","4":"has-post-thumbnail","6":"product_cat-empresas","7":"product_cat-nuevo-leon","8":"product_tag-b2b-database-for-marketing","9":"product_tag-b2b-email-lists","10":"product_tag-base-de-datos","11":"product_tag-base-de-datos-automotriz","12":"product_tag-base-de-datos-correo-electronico","13":"product_tag-base-de-datos-correos-electronicos","14":"product_tag-base-de-datos-de-correos","15":"product_tag-base-de-datos-de-emails","16":"product_tag-base-de-datos-de-industrias","17":"product_tag-base-de-datos-de-telefonos","18":"product_tag-base-de-datos-directivos","19":"product_tag-base-de-datos-director","20":"product_tag-base-de-datos-director-general","21":"product_tag-base-de-datos-email","22":"product_tag-base-de-datos-email-marketing","23":"product_tag-base-de-datos-emails","24":"product_tag-base-de-datos-empresas","25":"product_tag-base-de-datos-empresas-de-alimentos","26":"product_tag-base-de-datos-industria-automotriz","27":"product_tag-base-de-datos-industria-metal-mecanica","28":"product_tag-base-de-datos-laboratorios","29":"product_tag-base-de-datos-mailing","30":"product_tag-base-de-datos-nuevo-leon","31":"product_tag-base-de-datos-telefono","32":"product_tag-bases-de-datos-de-telefonos-fijos","33":"product_tag-bases-de-datos-email","34":"product_tag-bases-de-datos-emails","35":"product_tag-business-and-consumer-database","36":"product_tag-business-directory","37":"product_tag-business-email-list","38":"product_tag-business-emails","39":"product_tag-buy-email-address","40":"product_tag-buy-email-address-database","41":"product_tag-company-database","42":"product_tag-company-email-database","43":"product_tag-correos","44":"product_tag-database","45":"product_tag-database-nuevo-leon","46":"product_tag-database-of-email-advertising","47":"product_tag-database-of-emails","48":"product_tag-directorio-empresas","49":"product_tag-duenos-de-empresas","50":"product_tag-email","51":"product_tag-email-address-database","52":"product_tag-email-business-database","53":"product_tag-email-database","54":"product_tag-email-database-for-sale","55":"product_tag-email-list-providers","56":"product_tag-email-lists","57":"product_tag-email-marketer","58":"product_tag-email-marketing-database","59":"product_tag-email-marketing-list","60":"product_tag-email-services-marketing","61":"product_tag-emailing","62":"product_tag-emails-for-sale","63":"product_tag-empresas-medianas-y-grandes","64":"product_tag-industria-automotriz","65":"product_tag-list","66":"product_tag-list-of-emails","67":"product_tag-lista","68":"product_tag-lista-de-correo-electronico","69":"product_tag-lista-de-email","70":"product_tag-lista-de-numeros-de-telefonos","71":"product_tag-listado-de-emails","72":"product_tag-listado-de-emails-de-empresas","73":"product_tag-mailing","74":"product_tag-mailing-mexico","75":"product_tag-marketing","76":"product_tag-nuevo-leon","77":"product_tag-nuevo-leon-database","78":"product_tag-phone-database","79":"product_tag-phone-number-database","80":"product_tag-phone-number-list","81":"product_tag-telefono","82":"product_tag-telephone-number","84":"first","85":"instock","86":"sale","87":"shipping-taxable","88":"purchasable","89":"product-type-simple"},"aioseo_notices":[],"_links":{"self":[{"href":"https:\/\/sihay.com.mx\/basededatos\/wp-json\/wp\/v2\/product\/4534","targetHints":{"allow":["GET"]}}],"collection":[{"href":"https:\/\/sihay.com.mx\/basededatos\/wp-json\/wp\/v2\/product"}],"about":[{"href":"https:\/\/sihay.com.mx\/basededatos\/wp-json\/wp\/v2\/types\/product"}],"replies":[{"embeddable":true,"href":"https:\/\/sihay.com.mx\/basededatos\/wp-json\/wp\/v2\/comments?post=4534"}],"wp:featuredmedia":[{"embeddable":true,"href":"https:\/\/sihay.com.mx\/basededatos\/wp-json\/wp\/v2\/media\/1903"}],"wp:attachment":[{"href":"https:\/\/sihay.com.mx\/basededatos\/wp-json\/wp\/v2\/media?parent=4534"}],"wp:term":[{"taxonomy":"product_brand","embeddable":true,"href":"https:\/\/sihay.com.mx\/basededatos\/wp-json\/wp\/v2\/product_brand?post=4534"},{"taxonomy":"product_cat","embeddable":true,"href":"https:\/\/sihay.com.mx\/basededatos\/wp-json\/wp\/v2\/product_cat?post=4534"},{"taxonomy":"product_tag","embeddable":true,"href":"https:\/\/sihay.com.mx\/basededatos\/wp-json\/wp\/v2\/product_tag?post=4534"}],"curies":[{"name":"wp","href":"https:\/\/api.w.org\/{rel}","templated":true}]}}