{"id":4470,"date":"2022-11-16T21:31:26","date_gmt":"2022-11-16T21:31:26","guid":{"rendered":"https:\/\/sihay.com.mx\/basededatos\/shop-2\/personas-fisicas-mayores-de-edad-economicamente-activas-en-ciudades-de-mexico\/"},"modified":"2023-06-09T18:22:55","modified_gmt":"2023-06-09T18:22:55","slug":"personas-fisicas-mayores-de-edad-economicamente-activas-en-ciudades-de-mexico","status":"publish","type":"product","link":"https:\/\/sihay.com.mx\/basededatos\/tienda\/personas-fisicas-mayores-de-edad-economicamente-activas-en-ciudades-de-mexico\/","title":{"rendered":"Personas f\u00edsicas, mayores de edad, econ\u00f3micamente activas en ciudades de M\u00e9xico"},"content":{"rendered":"","protected":false},"excerpt":{"rendered":"<p>&nbsp;<\/p>\n<div class=\"row\">\n<div class=\"col-sm\"><strong>C\u00f3digo:<\/strong> <strong class=\"text-danger\">RAGA-C1<\/strong><\/div>\n<div class=\"col-sm\"><strong>N\u00famero de registros:\u00a0<\/strong>500<\/div>\n<\/div>\n<div class=\"row\">\n<div class=\"col-sm \"><strong>Folio: <\/strong><span class=\"text-danger\">VM0620B138<\/span><\/div>\n<\/div>\n<p><strong>Segmentaci\u00f3n:<\/strong><\/p>\n<div class=\"row\">\n<div class=\"col-sm \">Personas f\u00edsicas, mayores de edad, econ\u00f3micamente activas en ciudades de M\u00e9xico<\/div>\n<\/div>\n<p><strong>Campos Contenidos:<\/strong><\/p>\n<div class=\"row\">\n<div class=\"col-sm \">Ciudad \/ Estado \/ Tel\u00e9fono fijo \/ Celular<\/div>\n<\/div>\n<div class=\"row\">\n<div class=\"col-sm\"><strong>Garant\u00eda:\u00a0<\/strong>80%-85% <strong>Precio Original:\u00a0<\/strong><del>$3,851.00 MXN<\/del> <strong>Descuento Especial:\u00a0<\/strong><strong class=\"text-danger\">20%<\/strong><\/div>\n<\/div>\n<div class=\"row\">\n<div class=\"col text-center\"><strong>Total a Pagar:\u00a0<\/strong><strong class=\"text-danger\">$3,080.00 MXN<\/strong><\/div>\n<\/div>\n","protected":false},"featured_media":1892,"comment_status":"closed","ping_status":"closed","template":"","meta":[],"product_brand":[],"product_cat":[167,159],"product_tag":[234,311,328,510,199,509,200,237,697,207,201,202,544,327,417,566,418,542,543,351,476,358,272,291,550,545,615,293,292,301,306,359,303,307,570,416,304,352,469,559],"class_list":{"0":"post-4470","1":"product","2":"type-product","3":"status-publish","4":"has-post-thumbnail","6":"product_cat-consumidores-en-mexico","7":"product_cat-personas","8":"product_tag-base-de-datos","9":"product_tag-base-de-datos-celulares","10":"product_tag-base-de-datos-ciudad-de-mexico","11":"product_tag-base-de-datos-consumidores","12":"product_tag-base-de-datos-de-celulares","13":"product_tag-base-de-datos-de-consumidores","14":"product_tag-base-de-datos-de-numeros-celulares","15":"product_tag-base-de-datos-de-personas","16":"product_tag-base-de-datos-de-personas-fisicas","17":"product_tag-base-de-datos-de-telefonos","18":"product_tag-base-de-datos-de-telefonos-celulares","19":"product_tag-base-de-datos-de-telefonos-movil","20":"product_tag-base-de-datos-de-telefonos-moviles","21":"product_tag-base-de-datos-numeros-de-celulares","22":"product_tag-base-de-datos-telefono","23":"product_tag-base-de-datos-ventas","24":"product_tag-bases-de-datos-de-telefonos-fijos","25":"product_tag-bases-de-datos-movil","26":"product_tag-bases-de-datos-moviles","27":"product_tag-compra-base-de-datos","28":"product_tag-comprar-base-de-datos","29":"product_tag-consumer-database","30":"product_tag-database","31":"product_tag-database-mobile","32":"product_tag-lista-de-numeros-de-telefonos","33":"product_tag-lista-de-numeros-de-telefonos-celulares","34":"product_tag-mobile","35":"product_tag-mobile-number-database","36":"product_tag-mobile-phone-number","37":"product_tag-mobile-phone-number-database","38":"product_tag-mobile-phone-number-list","39":"product_tag-personas-fisicas","40":"product_tag-phone-database","41":"product_tag-phone-number-database","42":"product_tag-phone-number-list","43":"product_tag-telefono","44":"product_tag-telephone-number","45":"product_tag-venta-base-de-datos","46":"product_tag-venta-base-se-datos","47":"product_tag-venta-de-base-de-datos","49":"first","50":"instock","51":"sale","52":"virtual","53":"purchasable","54":"product-type-simple"},"aioseo_notices":[],"_links":{"self":[{"href":"https:\/\/sihay.com.mx\/basededatos\/wp-json\/wp\/v2\/product\/4470","targetHints":{"allow":["GET"]}}],"collection":[{"href":"https:\/\/sihay.com.mx\/basededatos\/wp-json\/wp\/v2\/product"}],"about":[{"href":"https:\/\/sihay.com.mx\/basededatos\/wp-json\/wp\/v2\/types\/product"}],"replies":[{"embeddable":true,"href":"https:\/\/sihay.com.mx\/basededatos\/wp-json\/wp\/v2\/comments?post=4470"}],"wp:featuredmedia":[{"embeddable":true,"href":"https:\/\/sihay.com.mx\/basededatos\/wp-json\/wp\/v2\/media\/1892"}],"wp:attachment":[{"href":"https:\/\/sihay.com.mx\/basededatos\/wp-json\/wp\/v2\/media?parent=4470"}],"wp:term":[{"taxonomy":"product_brand","embeddable":true,"href":"https:\/\/sihay.com.mx\/basededatos\/wp-json\/wp\/v2\/product_brand?post=4470"},{"taxonomy":"product_cat","embeddable":true,"href":"https:\/\/sihay.com.mx\/basededatos\/wp-json\/wp\/v2\/product_cat?post=4470"},{"taxonomy":"product_tag","embeddable":true,"href":"https:\/\/sihay.com.mx\/basededatos\/wp-json\/wp\/v2\/product_tag?post=4470"}],"curies":[{"name":"wp","href":"https:\/\/api.w.org\/{rel}","templated":true}]}}