{"id":4264,"date":"2022-11-16T21:30:54","date_gmt":"2022-11-16T21:30:54","guid":{"rendered":"https:\/\/sihay.com.mx\/basededatos\/shop-2\/viajeros-frecuentes-a-mexico-entre-30-70-anos-con-ingreso-superior-a-50000-dolares-anuales-en-estados-unidos\/"},"modified":"2023-06-22T15:40:26","modified_gmt":"2023-06-22T15:40:26","slug":"viajeros-frecuentes-a-mexico-entre-30-70-anos-con-ingreso-superior-a-50000-dolares-anuales-en-estados-unidos","status":"publish","type":"product","link":"https:\/\/sihay.com.mx\/basededatos\/tienda\/viajeros-frecuentes-a-mexico-entre-30-70-anos-con-ingreso-superior-a-50000-dolares-anuales-en-estados-unidos\/","title":{"rendered":"Viajeros Frecuentes a M\u00e9xico, entre 30-70  a\u00f1os, con ingreso superior a 50,000 d\u00f3lares anuales, en Estados Unidos."},"content":{"rendered":"","protected":false},"excerpt":{"rendered":"<p>&nbsp;<\/p>\n<div class=\"row\">\n<div class=\"col-sm\"><strong>C\u00f3digo:<\/strong> <span style=\"color: #ff0000;\"><strong>GAJA-J0<\/strong><\/span><\/div>\n<div class=\"col-sm\"><strong>N\u00famero de registros: 250<\/strong><\/div>\n<\/div>\n<div class=\"row\">\n<div class=\"col-sm \"><strong>Folio: <span style=\"color: #ff0000;\">JB0618B011<\/span><\/strong><\/div>\n<\/div>\n<p><strong>Segmentaci\u00f3n:<\/strong><\/p>\n<p>Viajeros Frecuentes a M\u00e9xico, entre 30-70 a\u00f1os, con ingreso superior a 50,000 d\u00f3lares anuales, en Estados Unidos.<\/p>\n<p><strong>Campos Contenidos:<\/strong><\/p>\n<div class=\"row\">\n<div class=\"col-sm \">Nombre \/ Direcci\u00f3n \/ Ciudad \/ Estado \/ Tel\u00e9fono \/ Email.<\/div>\n<div><\/div>\n<\/div>\n<div class=\"row\">\n<div class=\"col-sm\"><strong>Garant\u00eda: 80%-85%<\/strong>\u00a0<strong>Precio Original:\u00a0<\/strong><del>$4,492.00 MXN<\/del>\u00a0<strong>Descuento Especial:\u00a0<span style=\"color: #ff0000;\">20<\/span><\/strong><span style=\"color: #ff0000;\"><strong class=\"text-danger\">%<\/strong><\/span><\/div>\n<\/div>\n<div class=\"row\">\n<div class=\"col text-center\"><strong>Total a Pagar:\u00a0<\/strong><span style=\"color: #ff0000;\"><strong class=\"text-danger\">$3,594.00 MXN<\/strong><\/span><\/div>\n<\/div>\n","protected":false},"featured_media":1899,"comment_status":"closed","ping_status":"closed","template":"","meta":[],"product_brand":[],"product_cat":[159,174],"product_tag":[269,582,234,510,206,235,509,216,204,484,237,697,207,205,183,181,285,477,240,417,314,403,486,418,611,610,485,277,275,358,694,693,592,535,272,270,584,383,274,695,266,278,280,587,267,588,589,590,366,279,357,591,356,324,323,550,321,696,707,367,359,303,307,570,416,304],"class_list":{"0":"post-4264","1":"product","2":"type-product","3":"status-publish","4":"has-post-thumbnail","6":"product_cat-personas","7":"product_cat-viajeros-frecuentes","8":"product_tag-b2b-database-for-marketing","9":"product_tag-b2b-email-lists","10":"product_tag-base-de-datos","11":"product_tag-base-de-datos-consumidores","12":"product_tag-base-de-datos-correo-electronico","13":"product_tag-base-de-datos-correos-electronicos","14":"product_tag-base-de-datos-de-consumidores","15":"product_tag-base-de-datos-de-correos","16":"product_tag-base-de-datos-de-emails","17":"product_tag-base-de-datos-de-estados-unidos","18":"product_tag-base-de-datos-de-personas","19":"product_tag-base-de-datos-de-personas-fisicas","20":"product_tag-base-de-datos-de-telefonos","21":"product_tag-base-de-datos-email","22":"product_tag-base-de-datos-email-marketing","23":"product_tag-base-de-datos-emails","24":"product_tag-base-de-datos-estados-unidos","25":"product_tag-base-de-datos-mailing","26":"product_tag-base-de-datos-personas","27":"product_tag-base-de-datos-telefono","28":"product_tag-base-de-datos-viajeros-frecuentes","29":"product_tag-bases-de-datos","30":"product_tag-bases-de-datos-de-estados-unidos","31":"product_tag-bases-de-datos-de-telefonos-fijos","32":"product_tag-bases-de-datos-email","33":"product_tag-bases-de-datos-emails","34":"product_tag-bases-de-datos-estados-unidos","35":"product_tag-buy-email-address","36":"product_tag-buy-email-address-database","37":"product_tag-consumer-database","38":"product_tag-consumer-email-database","39":"product_tag-consumer-email-list","40":"product_tag-consumer-emails","41":"product_tag-correos","42":"product_tag-database","43":"product_tag-database-of-email-advertising","44":"product_tag-database-of-emails","45":"product_tag-email","46":"product_tag-email-address-database","47":"product_tag-email-consumer-database","48":"product_tag-email-database","49":"product_tag-email-database-for-sale","50":"product_tag-email-list-providers","51":"product_tag-email-lists","52":"product_tag-email-marketer","53":"product_tag-email-marketing-database","54":"product_tag-email-marketing-list","55":"product_tag-email-services-marketing","56":"product_tag-emailing","57":"product_tag-emails-for-sale","58":"product_tag-list","59":"product_tag-list-of-emails","60":"product_tag-lista","61":"product_tag-lista-de-correo-electronico","62":"product_tag-lista-de-email","63":"product_tag-lista-de-numeros-de-telefonos","64":"product_tag-listado-de-emails","65":"product_tag-listado-de-emails-de-consumidores","66":"product_tag-listado-de-emails-de-personas","67":"product_tag-mailing","68":"product_tag-personas-fisicas","69":"product_tag-phone-database","70":"product_tag-phone-number-database","71":"product_tag-phone-number-list","72":"product_tag-telefono","73":"product_tag-telephone-number","75":"first","76":"instock","77":"sale","78":"virtual","79":"purchasable","80":"product-type-simple"},"aioseo_notices":[],"_links":{"self":[{"href":"https:\/\/sihay.com.mx\/basededatos\/wp-json\/wp\/v2\/product\/4264","targetHints":{"allow":["GET"]}}],"collection":[{"href":"https:\/\/sihay.com.mx\/basededatos\/wp-json\/wp\/v2\/product"}],"about":[{"href":"https:\/\/sihay.com.mx\/basededatos\/wp-json\/wp\/v2\/types\/product"}],"replies":[{"embeddable":true,"href":"https:\/\/sihay.com.mx\/basededatos\/wp-json\/wp\/v2\/comments?post=4264"}],"wp:featuredmedia":[{"embeddable":true,"href":"https:\/\/sihay.com.mx\/basededatos\/wp-json\/wp\/v2\/media\/1899"}],"wp:attachment":[{"href":"https:\/\/sihay.com.mx\/basededatos\/wp-json\/wp\/v2\/media?parent=4264"}],"wp:term":[{"taxonomy":"product_brand","embeddable":true,"href":"https:\/\/sihay.com.mx\/basededatos\/wp-json\/wp\/v2\/product_brand?post=4264"},{"taxonomy":"product_cat","embeddable":true,"href":"https:\/\/sihay.com.mx\/basededatos\/wp-json\/wp\/v2\/product_cat?post=4264"},{"taxonomy":"product_tag","embeddable":true,"href":"https:\/\/sihay.com.mx\/basededatos\/wp-json\/wp\/v2\/product_tag?post=4264"}],"curies":[{"name":"wp","href":"https:\/\/api.w.org\/{rel}","templated":true}]}}