{"id":4186,"date":"2022-11-16T21:30:42","date_gmt":"2022-11-16T21:30:42","guid":{"rendered":"https:\/\/sihay.com.mx\/basededatos\/shop-2\/empresas-mas-importantes-de-los-sectores-petroleo-mineria-servicios-publicos-e-industrias-y-servicios-a-nivel-nacional\/"},"modified":"2023-07-10T19:48:39","modified_gmt":"2023-07-10T19:48:39","slug":"empresas-mas-importantes-de-los-sectores-petroleo-mineria-servicios-publicos-e-industrias-y-servicios-a-nivel-nacional","status":"publish","type":"product","link":"https:\/\/sihay.com.mx\/basededatos\/tienda\/empresas-mas-importantes-de-los-sectores-petroleo-mineria-servicios-publicos-e-industrias-y-servicios-a-nivel-nacional\/","title":{"rendered":"Empresas m\u00e1s importantes de los  sectores: petr\u00f3leo, miner\u00eda, servicios p\u00fablicos e industrias y servicios a Nivel Nacional."},"content":{"rendered":"","protected":false},"excerpt":{"rendered":"<p>&nbsp;<\/p>\n<div class=\"row\">\n<div class=\"col-sm\"><strong>C\u00f3digo:<\/strong> <strong class=\"text-danger\">IRSI-C3<\/strong><\/div>\n<div class=\"col-sm\"><strong>N\u00famero de registros: <\/strong>300<\/div>\n<\/div>\n<div class=\"row\">\n<div class=\"col-sm \"><strong>Folio: <\/strong><span class=\"text-danger\">03ACIIR1018-080<\/span><\/div>\n<\/div>\n<p><strong>Segmentaci\u00f3n:<\/strong><\/p>\n<div class=\"row\">\n<div class=\"col-sm \"><span class=\"text-justify\">Empresas m\u00e1s importantes de los diferentes sectores de: petr\u00f3leo, miner\u00eda, servicios p\u00fablicos e industrias y servicios a Nivel Nacional.<\/span><\/div>\n<\/div>\n<p><strong>Campos Contenidos:<\/strong><\/p>\n<div class=\"row\">\n<div class=\"col-sm \"><span class=\"text-justify\">Empresa \/ Giro \/ Direcci\u00f3n \/ Ciudad \/ Estado \/ Contacto \/ Puesto: Director de Abastecimiento o Director de Compras o Gerente de Compras o Supply Chain Manager o Procurement Manager \/ Tel\u00e9fono Fijo \/ Email<\/span><\/div>\n<\/div>\n<div class=\"row\">\n<div class=\"col-sm\"><strong>Garant\u00eda:\u00a0<\/strong>75%-85%\u00a0<strong>Precio Original:\u00a0<\/strong><del>$5,156.00 MXN<\/del>\u00a0<strong>Descuento Especial:\u00a0<\/strong><strong class=\"text-danger\">25%<\/strong><\/div>\n<\/div>\n<div class=\"row\">\n<div class=\"col text-center\"><strong>Total a Pagar:\u00a0<\/strong><strong class=\"text-danger\">$4,125.00 MXN<\/strong><\/div>\n<\/div>\n","protected":false},"featured_media":1864,"comment_status":"closed","ping_status":"closed","template":"","meta":[],"product_brand":[],"product_cat":[127],"product_tag":[269,582,234,206,235,216,598,204,410,207,215,205,183,181,191,477,577,236,537,417,403,418,611,610,308,276,583,277,275,265,268,535,272,270,584,383,274,266,278,280,587,267,588,589,590,366,279,636,357,591,356,324,323,550,321,367,385,303,307,570,416,304],"class_list":{"0":"post-4186","1":"product","2":"type-product","3":"status-publish","4":"has-post-thumbnail","6":"product_cat-empresas","7":"product_tag-b2b-database-for-marketing","8":"product_tag-b2b-email-lists","9":"product_tag-base-de-datos","10":"product_tag-base-de-datos-correo-electronico","11":"product_tag-base-de-datos-correos-electronicos","12":"product_tag-base-de-datos-de-correos","13":"product_tag-base-de-datos-de-director-de-compra","14":"product_tag-base-de-datos-de-emails","15":"product_tag-base-de-datos-de-encargado-de-compras","16":"product_tag-base-de-datos-de-telefonos","17":"product_tag-base-de-datos-director","18":"product_tag-base-de-datos-email","19":"product_tag-base-de-datos-email-marketing","20":"product_tag-base-de-datos-emails","21":"product_tag-base-de-datos-empresas","22":"product_tag-base-de-datos-mailing","23":"product_tag-base-de-datos-mineria","24":"product_tag-base-de-datos-nivel-nacional","25":"product_tag-base-de-datos-servicios","26":"product_tag-base-de-datos-telefono","27":"product_tag-bases-de-datos","28":"product_tag-bases-de-datos-de-telefonos-fijos","29":"product_tag-bases-de-datos-email","30":"product_tag-bases-de-datos-emails","31":"product_tag-business-directory","32":"product_tag-business-email-list","33":"product_tag-business-emails","34":"product_tag-buy-email-address","35":"product_tag-buy-email-address-database","36":"product_tag-company-database","37":"product_tag-company-email-database","38":"product_tag-correos","39":"product_tag-database","40":"product_tag-database-of-email-advertising","41":"product_tag-database-of-emails","42":"product_tag-email","43":"product_tag-email-address-database","44":"product_tag-email-database","45":"product_tag-email-database-for-sale","46":"product_tag-email-list-providers","47":"product_tag-email-lists","48":"product_tag-email-marketer","49":"product_tag-email-marketing-database","50":"product_tag-email-marketing-list","51":"product_tag-email-services-marketing","52":"product_tag-emailing","53":"product_tag-emails-for-sale","54":"product_tag-empresas-a-nivel-nacional","55":"product_tag-list","56":"product_tag-list-of-emails","57":"product_tag-lista","58":"product_tag-lista-de-correo-electronico","59":"product_tag-lista-de-email","60":"product_tag-lista-de-numeros-de-telefonos","61":"product_tag-listado-de-emails","62":"product_tag-mailing","63":"product_tag-national-database","64":"product_tag-phone-database","65":"product_tag-phone-number-database","66":"product_tag-phone-number-list","67":"product_tag-telefono","68":"product_tag-telephone-number","70":"first","71":"instock","72":"sale","73":"virtual","74":"purchasable","75":"product-type-simple"},"aioseo_notices":[],"_links":{"self":[{"href":"https:\/\/sihay.com.mx\/basededatos\/wp-json\/wp\/v2\/product\/4186","targetHints":{"allow":["GET"]}}],"collection":[{"href":"https:\/\/sihay.com.mx\/basededatos\/wp-json\/wp\/v2\/product"}],"about":[{"href":"https:\/\/sihay.com.mx\/basededatos\/wp-json\/wp\/v2\/types\/product"}],"replies":[{"embeddable":true,"href":"https:\/\/sihay.com.mx\/basededatos\/wp-json\/wp\/v2\/comments?post=4186"}],"wp:featuredmedia":[{"embeddable":true,"href":"https:\/\/sihay.com.mx\/basededatos\/wp-json\/wp\/v2\/media\/1864"}],"wp:attachment":[{"href":"https:\/\/sihay.com.mx\/basededatos\/wp-json\/wp\/v2\/media?parent=4186"}],"wp:term":[{"taxonomy":"product_brand","embeddable":true,"href":"https:\/\/sihay.com.mx\/basededatos\/wp-json\/wp\/v2\/product_brand?post=4186"},{"taxonomy":"product_cat","embeddable":true,"href":"https:\/\/sihay.com.mx\/basededatos\/wp-json\/wp\/v2\/product_cat?post=4186"},{"taxonomy":"product_tag","embeddable":true,"href":"https:\/\/sihay.com.mx\/basededatos\/wp-json\/wp\/v2\/product_tag?post=4186"}],"curies":[{"name":"wp","href":"https:\/\/api.w.org\/{rel}","templated":true}]}}