{"id":4137,"date":"2022-11-16T21:30:36","date_gmt":"2022-11-16T21:30:36","guid":{"rendered":"https:\/\/sihay.com.mx\/basededatos\/shop-2\/personas-fisicas-en-el-estado-de-nuevo-leon\/"},"modified":"2023-06-09T18:32:35","modified_gmt":"2023-06-09T18:32:35","slug":"personas-fisicas-en-el-estado-de-nuevo-leon","status":"publish","type":"product","link":"https:\/\/sihay.com.mx\/basededatos\/tienda\/personas-fisicas-en-el-estado-de-nuevo-leon\/","title":{"rendered":"Personas f\u00edsicas en el Estado de Nuevo Le\u00f3n."},"content":{"rendered":"","protected":false},"excerpt":{"rendered":"<p>&nbsp;<\/p>\n<div class=\"row\">\n<div class=\"col-sm\"><strong>C\u00f3digo:<\/strong> <span style=\"color: #e01b1b;\"><strong>DAMA-E6<\/strong><\/span><\/div>\n<div class=\"col-sm\"><strong>N\u00famero de registros: <\/strong>1500<\/div>\n<\/div>\n<div class=\"row\">\n<div class=\"col-sm \"><strong>Folio: <\/strong><span style=\"color: #e01b1b;\">BA0102B009<\/span><\/div>\n<\/div>\n<p><strong>Segmentaci\u00f3n:<\/strong><\/p>\n<div class=\"row\">\n<div class=\"col-sm \">Personas f\u00edsicas, mayores de edad, econ\u00f3micamente activas que sean tarjetahabientes en Apodaca (250 registros), San Nicol\u00e1s (250 registros), Monterrey (250 registros), Escobedo (250 registros), Guadalupe (250 registros) y San Pedro Garza Garc\u00eda (250 registros), del Estado de Nuevo Le\u00f3n.<\/div>\n<\/div>\n<p><strong>Campos Contenidos:<\/strong><\/p>\n<div class=\"row\">\n<div class=\"col-sm \">Nombre \/ Tel\u00e9fono fijo.<\/div>\n<\/div>\n<div class=\"row\">\n<div class=\"col-sm\"><strong>Garant\u00eda: 80%-85%<\/strong>\u00a0<strong>Precio Original:\u00a0<\/strong><del>$10,368.00 MXN <\/del><strong>Descuento Especial:<span style=\"color: #ff0000;\">\u00a0<span style=\"color: #e01b1b;\">20<\/span><\/span><\/strong><span style=\"color: #e01b1b;\"><strong class=\"text-danger\">%<\/strong><\/span><\/div>\n<\/div>\n<div class=\"row\">\n<div class=\"col text-center\"><strong>Total a Pagar:\u00a0<\/strong><span style=\"color: #e01b1b;\"><strong class=\"text-danger\">$8,294.00 MXN<\/strong><\/span><\/div>\n<\/div>\n","protected":false},"featured_media":1892,"comment_status":"closed","ping_status":"closed","template":"","meta":[],"product_brand":[],"product_cat":[167,159],"product_tag":[234,509,237,697,207,430,353,240,698,417,566,418,277,431,433,550,434,359,303,307,570,416,304,352,469,559],"class_list":{"0":"post-4137","1":"product","2":"type-product","3":"status-publish","4":"has-post-thumbnail","6":"product_cat-consumidores-en-mexico","7":"product_cat-personas","8":"product_tag-base-de-datos","9":"product_tag-base-de-datos-de-consumidores","10":"product_tag-base-de-datos-de-personas","11":"product_tag-base-de-datos-de-personas-fisicas","12":"product_tag-base-de-datos-de-telefonos","13":"product_tag-base-de-datos-monterrey","14":"product_tag-base-de-datos-nuevo-leon","15":"product_tag-base-de-datos-personas","16":"product_tag-base-de-datos-tarjetahabientes","17":"product_tag-base-de-datos-telefono","18":"product_tag-base-de-datos-ventas","19":"product_tag-bases-de-datos-de-telefonos-fijos","20":"product_tag-buy-email-address","21":"product_tag-database-monterrey","22":"product_tag-database-nuevo-leon","23":"product_tag-lista-de-numeros-de-telefonos","24":"product_tag-nuevo-leon-database","25":"product_tag-personas-fisicas","26":"product_tag-phone-database","27":"product_tag-phone-number-database","28":"product_tag-phone-number-list","29":"product_tag-telefono","30":"product_tag-telephone-number","31":"product_tag-venta-base-de-datos","32":"product_tag-venta-base-se-datos","33":"product_tag-venta-de-base-de-datos","35":"first","36":"instock","37":"sale","38":"virtual","39":"purchasable","40":"product-type-simple"},"aioseo_notices":[],"_links":{"self":[{"href":"https:\/\/sihay.com.mx\/basededatos\/wp-json\/wp\/v2\/product\/4137","targetHints":{"allow":["GET"]}}],"collection":[{"href":"https:\/\/sihay.com.mx\/basededatos\/wp-json\/wp\/v2\/product"}],"about":[{"href":"https:\/\/sihay.com.mx\/basededatos\/wp-json\/wp\/v2\/types\/product"}],"replies":[{"embeddable":true,"href":"https:\/\/sihay.com.mx\/basededatos\/wp-json\/wp\/v2\/comments?post=4137"}],"wp:featuredmedia":[{"embeddable":true,"href":"https:\/\/sihay.com.mx\/basededatos\/wp-json\/wp\/v2\/media\/1892"}],"wp:attachment":[{"href":"https:\/\/sihay.com.mx\/basededatos\/wp-json\/wp\/v2\/media?parent=4137"}],"wp:term":[{"taxonomy":"product_brand","embeddable":true,"href":"https:\/\/sihay.com.mx\/basededatos\/wp-json\/wp\/v2\/product_brand?post=4137"},{"taxonomy":"product_cat","embeddable":true,"href":"https:\/\/sihay.com.mx\/basededatos\/wp-json\/wp\/v2\/product_cat?post=4137"},{"taxonomy":"product_tag","embeddable":true,"href":"https:\/\/sihay.com.mx\/basededatos\/wp-json\/wp\/v2\/product_tag?post=4137"}],"curies":[{"name":"wp","href":"https:\/\/api.w.org\/{rel}","templated":true}]}}