{"id":3831,"date":"2022-11-16T21:29:49","date_gmt":"2022-11-16T21:29:49","guid":{"rendered":"https:\/\/sihay.com.mx\/basededatos\/shop-2\/empresas-y-o-negocios-que-vendan-distribuyen-y-comercialicen-de-productos-de-cocina-y-mesa-facturen-mas-de-500000-a-nivel-nacional\/"},"modified":"2023-05-29T16:23:54","modified_gmt":"2023-05-29T16:23:54","slug":"empresas-y-o-negocios-que-vendan-distribuyen-y-comercialicen-de-productos-de-cocina-y-mesa-facturen-mas-de-500000-a-nivel-nacional","status":"publish","type":"product","link":"https:\/\/sihay.com.mx\/basededatos\/tienda\/empresas-y-o-negocios-que-vendan-distribuyen-y-comercialicen-de-productos-de-cocina-y-mesa-facturen-mas-de-500000-a-nivel-nacional\/","title":{"rendered":"Empresas y\/o Negocios que vendan, distribuyen y comercialicen de productos de Cocina y Mesa  facturen m\u00e1s de $500,000 a Nivel Nacional."},"content":{"rendered":"","protected":false},"excerpt":{"rendered":"<p>&nbsp;<\/p>\n<div class=\"row\">\n<div class=\"col-sm\"><strong>C\u00f3digo:<\/strong> <span style=\"color: #ff0000;\"><strong>VAAC-E7<\/strong><\/span><\/div>\n<div class=\"col-sm\"><strong>N\u00famero de registros: 2000<\/strong><\/div>\n<\/div>\n<div class=\"row\">\n<div class=\"col-sm \"><strong>Folio: <span style=\"color: #ff0000;\">GA0118B0850<\/span><\/strong><\/div>\n<\/div>\n<p><strong>Segmentaci\u00f3n:<\/strong><\/p>\n<div class=\"row\">\n<div class=\"col-sm \">Empresas y\/o Negocios que se dediquen a la venta, distribuci\u00f3n y comercializaci\u00f3n de productos de Cocina y Mesa (tales como: sartenes, ollas de presi\u00f3n, bater\u00edas, cubiertos, vajillas, cristaler\u00eda, etc.) facturen m\u00e1s de $500,000 venta promedio anual por tienda\/sucursal a Nivel Nacional.<\/div>\n<\/div>\n<p><strong>Campos Contenidos:<\/strong><\/p>\n<div class=\"row\">\n<div class=\"col-sm \">Empresa \/ Giro \/ Direcci\u00f3n \/ Ciudad \/ Estado \/ Contacto \/ Puesto: Director General, Socio, Directivos, Gerentes o Tomador de decisi\u00f3n\/ Tel\u00e9fono \/ Email.<\/div>\n<\/div>\n<div class=\"row\">\n<div class=\"col-sm\"><strong>Garant\u00eda: 75%-85%<\/strong>\u00a0<strong>Precio Original:\u00a0<\/strong><del>$18,569.00 MXN<\/del> <strong>Descuento Especial: <span style=\"color: #ff0000;\">2<\/span><\/strong><span style=\"color: #ff0000;\"><strong class=\"text-danger\">5%<\/strong><\/span><\/div>\n<\/div>\n<div class=\"row\">\n<div class=\"col text-center\"><strong>Total a Pagar:\u00a0<\/strong><span style=\"color: #ff0000;\"><strong class=\"text-danger\">$13,926.00 MXN<\/strong><\/span><\/div>\n<\/div>\n","protected":false},"featured_media":1880,"comment_status":"closed","ping_status":"closed","template":"","meta":[],"product_brand":[],"product_cat":[127,149],"product_tag":[269,582,234,206,235,216,204,207,196,194,205,183,181,191,197,477,236,195,417,198,217,418,611,610,660,273,308,276,583,277,275,265,268,535,272,270,584,319,383,274,271,266,278,585,280,587,267,588,589,590,366,279,636,612,384,357,591,356,324,323,550,321,322,367,607,303,307,570,416,304,604],"class_list":{"0":"post-3831","1":"product","2":"type-product","3":"status-publish","4":"has-post-thumbnail","6":"product_cat-empresas","7":"product_cat-tomador-de-decisiones","8":"product_tag-b2b-database-for-marketing","9":"product_tag-b2b-email-lists","10":"product_tag-base-de-datos","11":"product_tag-base-de-datos-correo-electronico","12":"product_tag-base-de-datos-correos-electronicos","13":"product_tag-base-de-datos-de-correos","14":"product_tag-base-de-datos-de-emails","15":"product_tag-base-de-datos-de-telefonos","16":"product_tag-base-de-datos-directivos","17":"product_tag-base-de-datos-director-general","18":"product_tag-base-de-datos-email","19":"product_tag-base-de-datos-email-marketing","20":"product_tag-base-de-datos-emails","21":"product_tag-base-de-datos-empresas","22":"product_tag-base-de-datos-gerentes","23":"product_tag-base-de-datos-mailing","24":"product_tag-base-de-datos-nivel-nacional","25":"product_tag-base-de-datos-socio","26":"product_tag-base-de-datos-telefono","27":"product_tag-base-de-datos-tomador-de-decision","28":"product_tag-base-de-datos-tomadores-de-decisiones","29":"product_tag-bases-de-datos-de-telefonos-fijos","30":"product_tag-bases-de-datos-email","31":"product_tag-bases-de-datos-emails","32":"product_tag-business","33":"product_tag-business-and-consumer-database","34":"product_tag-business-directory","35":"product_tag-business-email-list","36":"product_tag-business-emails","37":"product_tag-buy-email-address","38":"product_tag-buy-email-address-database","39":"product_tag-company-database","40":"product_tag-company-email-database","41":"product_tag-correos","42":"product_tag-database","43":"product_tag-database-of-email-advertising","44":"product_tag-database-of-emails","45":"product_tag-directorio-empresas","46":"product_tag-email","47":"product_tag-email-address-database","48":"product_tag-email-business-database","49":"product_tag-email-database","50":"product_tag-email-database-for-sale","51":"product_tag-email-database-of-businesses","52":"product_tag-email-list-providers","53":"product_tag-email-lists","54":"product_tag-email-marketer","55":"product_tag-email-marketing-database","56":"product_tag-email-marketing-list","57":"product_tag-email-services-marketing","58":"product_tag-emailing","59":"product_tag-emails-for-sale","60":"product_tag-empresas-a-nivel-nacional","61":"product_tag-envio","62":"product_tag-gerente","63":"product_tag-list","64":"product_tag-list-of-emails","65":"product_tag-lista","66":"product_tag-lista-de-correo-electronico","67":"product_tag-lista-de-email","68":"product_tag-lista-de-numeros-de-telefonos","69":"product_tag-listado-de-emails","70":"product_tag-listado-de-emails-de-empresas","71":"product_tag-mailing","72":"product_tag-marketing","73":"product_tag-phone-database","74":"product_tag-phone-number-database","75":"product_tag-phone-number-list","76":"product_tag-telefono","77":"product_tag-telephone-number","78":"product_tag-venta","80":"first","81":"instock","82":"sale","83":"virtual","84":"purchasable","85":"product-type-simple"},"aioseo_notices":[],"_links":{"self":[{"href":"https:\/\/sihay.com.mx\/basededatos\/wp-json\/wp\/v2\/product\/3831","targetHints":{"allow":["GET"]}}],"collection":[{"href":"https:\/\/sihay.com.mx\/basededatos\/wp-json\/wp\/v2\/product"}],"about":[{"href":"https:\/\/sihay.com.mx\/basededatos\/wp-json\/wp\/v2\/types\/product"}],"replies":[{"embeddable":true,"href":"https:\/\/sihay.com.mx\/basededatos\/wp-json\/wp\/v2\/comments?post=3831"}],"wp:featuredmedia":[{"embeddable":true,"href":"https:\/\/sihay.com.mx\/basededatos\/wp-json\/wp\/v2\/media\/1880"}],"wp:attachment":[{"href":"https:\/\/sihay.com.mx\/basededatos\/wp-json\/wp\/v2\/media?parent=3831"}],"wp:term":[{"taxonomy":"product_brand","embeddable":true,"href":"https:\/\/sihay.com.mx\/basededatos\/wp-json\/wp\/v2\/product_brand?post=3831"},{"taxonomy":"product_cat","embeddable":true,"href":"https:\/\/sihay.com.mx\/basededatos\/wp-json\/wp\/v2\/product_cat?post=3831"},{"taxonomy":"product_tag","embeddable":true,"href":"https:\/\/sihay.com.mx\/basededatos\/wp-json\/wp\/v2\/product_tag?post=3831"}],"curies":[{"name":"wp","href":"https:\/\/api.w.org\/{rel}","templated":true}]}}